alse
Does 20 divide 297245640?
True
Is 2859 a factor of 122278948?
False
Is 3 a factor of 10112454?
True
Is 1474182177 a multiple of 2587?
False
Is 24 a factor of 78315984?
True
Is 12 a factor of 899586850?
False
Does 2731 divide 34735203?
False
Does 14 divide 57388408?
True
Does 32 divide 3407294?
False
Does 96 divide 416941777?
False
Is 85763911 a multiple of 813?
False
Is 1873 a factor of 21438358?
True
Does 1420 divide 22099460?
True
Is 67 a factor of 189568996?
True
Is 1370625154 a multiple of 40?
False
Is 101259600 a multiple of 390?
True
Is 17803633 a multiple of 27?
False
Is 10051403 a multiple of 233?
False
Does 598 divide 83341301?
False
Does 2047 divide 47074859?
True
Is 17632625 a multiple of 15?
False
Is 644270202 a multiple of 361?
True
Does 575 divide 616460610?
False
Is 103 a factor of 5194805?
True
Does 161 divide 1758603?
True
Does 181 divide 143854456?
True
Does 73 divide 5699429660?
False
Is 15 a factor of 184820066?
False
Does 1659 divide 2773619058?
True
Does 48 divide 36128447?
False
Is 8 a factor of 139201653?
False
Does 7678 divide 437192998?
True
Is 6199 a factor of 1146432182?
False
Is 14 a factor of 49513272?
False
Is 28 a factor of 499155939?
False
Is 235473849 a multiple of 6?
False
Is 167818132 a multiple of 386?
True
Is 26 a factor of 14125228?
True
Is 50205939 a multiple of 573?
False
Does 504 divide 315619574?
False
Is 15502244 a multiple of 24?
False
Does 899 divide 1406060476?
False
Is 961 a factor of 1130971419?
False
Is 104 a factor of 29869311?
False
Is 184 a factor of 394989570?
False
Does 6294 divide 1206295452?
True
Is 10 a factor of 1514311529?
False
Is 19115616 a multiple of 208?
True
Is 66886789 a multiple of 54?
False
Is 51813667 a multiple of 365?
False
Does 10 divide 416780990?
True
Does 1366 divide 16788667?
False
Is 4793880945 a multiple of 105?
True
Is 223818140 a multiple of 16?
False
Is 4598 a factor of 4461284888?
False
Is 13 a factor of 44452589?
False
Is 212530974 a multiple of 118?
False
Does 5 divide 16046094?
False
Is 1926689725 a multiple of 7607?
False
Is 215974006 a multiple of 155?
False
Is 2063063890 a multiple of 4945?
True
Is 1725 a factor of 169197898?
False
Is 13086911 a multiple of 233?
True
Is 53 a factor of 20927486?
False
Is 2572 a factor of 1785981368?
True
Is 171 a factor of 16464906?
True
Is 55734956 a multiple of 8?
False
Is 3019985 a multiple of 235?
True
Does 126 divide 1881951372?
True
Is 6 a factor of 280477150?
False
Is 711612257 a multiple of 6244?
False
Is 3293930105 a multiple of 282?
False
Does 377 divide 151201128?
True
Is 215 a factor of 2942826?
False
Is 45 a factor of 12219885?
True
Does 140 divide 194317688?
False
Does 73 divide 98864496?
False
Does 1122 divide 155689504?
False
Is 16943670 a multiple of 884?
False
Does 14 divide 85162938?
True
Is 558 a factor of 20286585?
False
Is 857 a factor of 33019353?
True
Does 4 divide 4778652?
True
Is 626 a factor of 15937334?
True
Is 114831171 a multiple of 819?
True
Is 249183587 a multiple of 23?
True
Is 39 a factor of 28380990?
False
Is 29 a factor of 65032670?
False
Is 163 a factor of 18535382?
True
Is 188 a factor of 1203930944?
True
Is 2010461 a multiple of 275?
False
Is 320692283 a multiple of 1181?
True
Is 14 a factor of 3197832?
False
Does 26 divide 30311261?
False
Does 947 divide 185397978?
True
Does 159 divide 242415046?
False
Is 166166272 a multiple of 16?
True
Is 4 a factor of 263135013?
False
Is 1062 a factor of 107317224?
True
Is 3840067 a multiple of 13?
False
Is 6103 a factor of 76647577?
True
Is 537471090 a multiple of 18?
True
Is 420 a factor of 265019284?
False
Is 143912930 a multiple of 63?
False
Is 4 a factor of 133260995?
False
Is 85 a factor of 917097731?
False
Is 98614822 a multiple of 778?
False
Does 1153 divide 1760898496?
True
Does 184 divide 169119184?
True
Is 1628 a factor of 90431807?
False
Does 25 divide 51924275?
True
Does 2327 divide 73219055?
True
Does 2695 divide 248780840?
True
Is 466 a factor of 16065137?
False
Is 10 a factor of 10382980?
True
Is 34 a factor of 8664492?
True
Does 4 divide 371615?
False
Does 11 divide 64523125?
False
Does 473 divide 278557433?
False
Does 7 divide 11910688?
False
Is 258519800 a multiple of 14?
True
Does 696 divide 224874120?
True
Is 10 a factor of 14257110?
True
Is 44 a factor of 45906515?
False
Is 481 a factor of 50811402?
False
Is 1246375746 a multiple of 66?
True
Is 15 a factor of 65602275?
True
Is 13 a factor of 36176419?
False
Is 281214 a multiple of 28?
False
Is 327 a factor of 5560119321?
True
Is 26847416 a multiple of 446?
True
Is 263 a factor of 4194623542?
False
Is 5806460 a multiple of 17?
False
Is 15 a factor of 23576535?
True
Does 43 divide 171565859?
False
Does 2683 divide 320712405?
True
Is 35 a factor of 64535141?
False
Is 100864560 a multiple of 80?
True
Does 5 divide 49213843?
False
Does 12 divide 2514536220?
True
Does 5 divide 28215410?
True
Is 18 a factor of 27235335?
False
Does 435 divide 323392920?
True
Is 246 a factor of 24024738?
False
Is 45118444 a multiple of 73?
False
Does 95 divide 1879920332?
False
Is 128042144 a multiple of 683?
False
Is 943078672 a multiple of 4624?
True
Is 28962732 a multiple of 471?
True
Is 87954813 a multiple of 21?
False
Is 508002762 a multiple of 189?
False
Is 8 a factor of 16781480?
True
Does 79 divide 434021339?
True
Does 241 divide 169398418?
True
Is 271535832 a multiple of 54?
False
Is 41920164 a multiple of 78?
True
Does 102 divide 446863326?
True
Is 641333596 a multiple of 10?
False
Is 1617586 a multiple of 49?
False
Is 104 a factor of 20245157?
False
Is 822 a factor of 3537584?
False
Is 76 a factor of 9795217?
False
Does 12 divide 45219888?
True
Does 950 divide 12456269?
False
Is 23237487 a multiple of 153?
True
Does 135 divide 266075955?
True
Does 22 divide 20608368?
True
Is 21887712 a multiple of 6768?
True
Is 8579 a factor of 149146571?
False
Is 7 a factor of 381711547?
True
Does 19 divide 75453883?
True
Does 7 divide 97523000?
False
Does 7 divide 21883533?
True
Is 16 a factor of 1002116832?
True
Is 5392750 a multiple of 37?
True
Is 860 a factor of 66616216?
False
Is 1185 a factor of 43019055?
True
Does 20 divide 650322080?
True
Does 213 divide 36669867?
True
Is 21 a factor of 136827709?
False
Is 254 a factor of 133972046?
True
Is 147670080 a multiple of 3030?
True
Is 319 a factor of 2934333276?
False
Is 29 a factor of 1519410373?
False
Is 92636460 a multiple of 1890?
True
Does 122 divide 3058174?
True
Does 196 divide 1109356668?
True
Is 136849636 a multiple of 44?
True
Is 14885373 a multiple of 545?
False
Does 17 divide 15774211?
False
Is 22272584 a multiple of 842?
True
Is 35346860 a multiple of 1525?
False
Does 8 divide 72512357?
False
Does 569 divide 263171604?
True
Is 415 a factor of 38434831?
False
Does 44 divide 278485724?
True
Does 838 divide 269182360?
True
Does 2 divide 42961815?
False
Does 3319 divide 2685917345?
True
Does 56 divide 324276509?
False
Does 9 divide 330803559?
True
Does 97 divide 108748640?
True
Does 257 divide 21877125?
True
Is 894997859 a multiple of 11?
False
Is 502809553 a multiple of 10?
False
Does 49 divide 48781610?
False
Is 58092660 a multiple of 537?
True
Is 217 a factor of 18249873?
False
Is 1843061220 a multiple of 4290?
True
Does 25 divide 1933700?
True
Is 81 a factor of 3190104?
True
Does 15 divide 233492095?
False
Is 81 a factor of 44539347?
False
Is 17 a factor of 734047658?
True
Is 14011872 a multiple of 174?
True
Is 168 a factor of 301115174?
False
Is 58 a factor of 6023572948?
True
Is 456683430 a multiple of 266?
True
Is 1596113186 a multiple of 302?
True
Is 11 a factor of 348701487?
False
Is 101257776 a multiple of 828?
True
Does 67 divide 276082180?
False
Is 509653185 a multiple of 746?
False
Is 1741770140 a multiple of 220?
True
Is 137 a factor of 2388782?
False
Is 132202148 a multiple of 34?
False
Does 14 divide 20061762?
True
Is 8 a factor of 99424432?
True
Is 3347 a factor of 1624113054?
False
Is 267 a factor of 82503?
True
Is 341 a factor of 327419805?
False
Is 24 a factor of 563086032?
True
Is 823703546 a multiple of 383?
True
Does 961 divide 33955974?
True
Does 30 divide 2692740?
True
Is 509 a factor of 12738163?
False
Is 17 a factor of 1475666245?
False
Does 64 divide 238591360?
True
Is 756 a factor of 258586776?
True
Is 231262